second derivative of -3/2*v**2 - v + 1/6*v**3 + 0 - 1/12*v**4. Give z(i).
-3
Let s(f) be the first derivative of -f**4/24 + f**3/6 + 15*f**2 + 22. Let d(h) be the second derivative of s(h). Give d(-6).
7
Suppose 2*s + 10 = 4*h, 4*s = 6*s - 5*h + 9. Let v(x) = 3*x + 26. What is v(s)?
5
Let s(u) = 3*u**2 + 2*u - 3. Let m(w) = -13*w**2 - 8*w + 13. Let d(l) = -2*m(l) - 9*s(l). Determine d(-6).
-23
Let c(h) = -1. Let m(x) = 2*x. Let g(j) = c(j) + m(j). Calculate g(2).
3
Let x = 14 - 10. Let t = 1 + 28. Let k(p) = t - 20 + p - 14. Determine k(x).
-1
Let x(d) be the third derivative of 1/3*d**3 + 7*d**2 + 0*d + 1/12*d**4 - 1/120*d**6 + 1/12*d**5 + 0. Determine x(5).
12
Let g be (-1318)/(-18) - (-16)/(-72). Suppose n + g = -5*i, -4*i = -0*n - 5*n + 41. Let f = -18 - i. Let s(r) = 2*r + 1. What is s(f)?
-7
Let k = 5 - 9. Let z(g) be the first derivative of g**4/4 + 4*g**3/3 + 3*g**2/2 + 4*g - 218. Determine z(k).
-8
Let t be (1 - 15/6)*-14. Suppose -2*v + t - 90 = -3*p, 2*v = 0. Suppose b + 2*h - 3 = 0, 0 = 4*b + h - 4*h - p. Let n(o) = o**2 - 6*o - 1. Give n(b).
-6
Let g = -2 - -7. Let v(x) be the second derivative of -x**5/20 + x**4/3 + x**3 + x**2 + 10*x - 2. Determine v(g).
7
Let p(i) = i**2 - 5*i - 2. Let u(z) = z**3 + 6*z**2 - z - 6. Let g be u(-6). Suppose 5*q + 0*o = -o - 12, 3*o - 9 = g. Give p(q).
22
Suppose -t + 2*k = -0*k - 19, -3*k = t - 39. Let r = -21 + t. Let n(i) = 3*i - 7. What is n(r)?
11
Let d = -37 - -42. Let a(o) = 1 - o**2 - o**3 + d*o**2 - o + 0*o**3 + 7*o. Determine a(5).
6
Let a be 18 + -20 + (7 - 1). Let t(g) = g**2 - 3*g - 7. What is t(a)?
-3
Let v(k) be the third derivative of 1/120*k**6 + 0*k - 1/60*k**5 - 1/6*k**4 + 0 - 1/6*k**3 + 2*k**2. Let s be (1/(-2))/(9/(-54)). Give v(s).
5
Let n(x) = x**3 - 5*x**2 - 3*x + 7. Suppose -20 = 2*v + 3*v. Let t be (10/v)/((-15)/(-30)). Let h(y) = y**3 + 4*y**2 - 5*y + 5. Let i be h(t). Calculate n(i).
-8
Let n = 1049 + -1044. Let s(p) = 2*p + 8. Determine s(n).
18
Let a(d) be the first derivative of d**2/2 + d - 2. Let g(i) = 4*i + 8. Let c(y) = 2*a(y) - g(y). Let j(u) = -u**3 - u**2 - 5. Let z be j(0). Determine c(z).
4
Let t(j) = 4*j**2 - 26 + j**2 - j**2 + 23. Let u(d) = 3*d**2 - 2. Let y(s) = 4*t(s) - 6*u(s). Suppose m + 0 = -1. Calculate y(m).
-2
Let b(k) = -k**3 - 10*k**2 + 12*k + 3. Suppose 5*q - 4*d = -59, 0 = -2*q + 3*q - 3*d + 14. What is b(q)?
-8
Let r(l) = 2*l - 1 - 4 + 0*l. Suppose -44*d = -43*d + 5. Let c(b) = b - 2. Let i(g) = d*c(g) + 2*r(g). Determine i(-5).
5
Let q(t) = 10*t - 17. Let x(y) = 28*y - 50. Let a(o) = 11*q(o) - 4*x(o). Give a(0).
13
Let l(g) = -119*g**3 - 11. Let o(q) = -59*q**3 - 5. Let z(d) = -6*l(d) + 13*o(d). Give z(1).
-52
Let u = 13 - 6. Let w(r) = r**3 - 6*r**2 - 8*r + 7. Determine w(u).
0
Let n = -3/172 - -89/172. Let x(u) be the second derivative of n*u**3 + 0 + u**2 - u. What is x(-2)?
-4
Let r(k) = k**2 + 8*k + 5. Let a be ((-20)/(-6))/(5/30*4). Suppose 0 = -a*m + 11*m + 42. What is r(m)?
-2
Let r(b) be the third derivative of 0*b - 2*b**2 - 1/60*b**5 - 1/6*b**3 - 5/24*b**4 + 0. Let s be (5 - 10)*8/10. Calculate r(s).
3
Let n(d) = -d**2 - 2*d - 3. Let r(s) = s**3 - 4*s**2 - 5*s - 2. Suppose -2*i + 15 = v, 0 = -3*v + v + 5*i - 15. Let b be r(v). Calculate n(b).
-3
Suppose -d = 3*i - 71, 2*i - d + 187 - 226 = 0. Let h(n) = n**2 - 21*n - 29. Determine h(i).
-7
Let o(u) = -6*u. Let k(p) = p**2 - 19*p. Suppose -5*m + 2*q = -27, -4*m - 4*q + 20 = -6*q. Let x(z) = m*o(z) - 2*k(z). Let s = -8 + 5. Determine x(s).
-6
Let o = -1355 + 1352. Let f(y) = -3*y. Let c be f(1). Let n(s) = s - 4. Let l(t) = -1. Let i(z) = c*l(z) + n(z). What is i(o)?
-4
Let u(q) = -4*q + 2*q + q**2 - 39057 - 3*q**2 + 39057. Give u(-2).
-4
Let r(o) = -10*o + 1. Let b(k) be the first derivative of -k**4/4 + k**3 + k**2/2 - 2*k - 32. Let y be b(3). Calculate r(y).
-9
Let f(y) = y**3 - y**2 - 4*y + 2. Let q = 4 - 29. Let a = -64 + 92. Let m = a + q. Calculate f(m).
8
Let z = -8 - -11. Suppose -2*n + z = -3. Let c(s) = -5 + 0 + 5*s + 0*s**n - 3*s**2 + 7 - s**3. What is c(-3)?
-13
Let h(m) = -1 - 1 + 0*m**2 - 3*m - 5*m - m**2. Give h(-7).
5
Let o = 767 - 774. Let k(a) = a**3 + 7*a**2 + 2*a + 5. Give k(o).
-9
Let d(p) = -p**2 - p. Let v(f) = 21*f**2 + 4*f - 3. Let g(n) = -14*n**2 - 3*n + 2. Let a(h) = 8*g(h) + 5*v(h). Let b(j) = -a(j) + 4*d(j). Calculate b(1).
2
Let m(r) = -3*r + 53. Suppose 16*k - 4*y = 19*k - 64, -5*k = y - 84. Give m(k).
5
Let f(d) = -21*d - 2 - 5 + 8*d + 3*d + 9*d. Calculate f(-8).
1
Let j(y) = 3*y - 1. Let d be j(5). Suppose 2*u - h = -d, -2*h + 0*h + 4 = 0. Let c(l) = -6*l + 0*l**2 - l**2 + l - 1. Calculate c(u).
-7
Let i(v) = 13*v - 4. Let b(m) = 6*m - 2. Let n = -10 - -19. Let w(l) = n*b(l) - 4*i(l). Give w(3).
4
Let x(o) = -7*o - 47. Suppose 0 = 97*k + 243 + 242. Give x(k).
-12
Suppose 3*c = 7*c + 24. Let s = -1185 - -1199. Let m be 240/(-70) - c/s. Let u(y) = -y - 1. Calculate u(m).
2
Let o(m) = -m**3 - 6*m**2 - 5*m + 1. Let c be o(-5). Let u(s) = -c + 4*s + 2*s - 7*s. Calculate u(5).
-6
Let g(d) = -d**3 + d - 6. Let i(y) = -6*y**3 + y**2 + 4*y - 31. Let a(z) = 11*g(z) - 2*i(z). What is a(3)?
14
Let z(n) = -19*n - 1. Let i be z(-4). Let t = i - 82. Let m(x) = x**2 + 7*x + 4. Calculate m(t).
4
Let u(i) = i**2 - 3*i - 1. Suppose -4*g + 23 + 95 = -3*h, 0 = h - 2*g + 38. Let p be 16/6*(-63)/h. What is u(p)?
3
Let s(v) = -5 - v - 7*v - 5*v + 12*v. What is s(0)?
-5
Let q(m) = -m**3 + 4*m**2 + 5*m - 2. Let d be (-47)/(-9) - (-12)/54*-1. Suppose d*l = -3*i + 1 + 21, 4*l + 5*i - 15 = 0. Calculate q(l).
-2
Let k be (1 - 3) + 1 + 0. Let c(g) = -4*g**3 + g**2 + g - 3. Let o(h) = h**3 + h**2 + 1. Let d(j) = k*c(j) - 3*o(j). What is d(4)?
-4
Let k(r) be the third derivative of r**5/60 - r**4/6 + 2*r**3/3 - 3*r**2 + 31*r. Let t(h) = h + 7. Let s be t(-4). Calculate k(s).
1
Let j be 18/2 + (1 - 0). Let m(x) be the first derivative of -x**4/4 + 10*x**3/3 + x**2/2 - 10*x + 2480. Give m(j).
0
Let o(z) be the second derivative of z**3/3 - 4*z**2 + z. Suppose -61*j + 66*j = -5. Let d be (-189)/(-36) - (j - 2/(-8)). Calculate o(d).
4
Suppose 3*y - 6*i + 11*i = -20, 1 = -i. Let w(h) = -3*h + 5. Determine w(y).
20
Let g = -3 - 1. Let p(w) be the third derivative of -w**6/120 - w**5/15 - w**4/12 - 5*w**3/6 + 325*w**2. Determine p(g).
3
Let g be 6 + 92/(-16) - 105/20. Let r(y) = y**3 + 3*y**2 - 11*y + 6. Give r(g).
11
Suppose 4*f = -87 + 99. Let m(y) = -y**3 + 3*y. Give m(f).
-18
Let f(g) = -4*g - 10. Let d be f(-3). Let s(u) = u - 1. Let i be s(d). Let n(h) be the first derivative of -h**4/4 + h**2 - h + 2. Determine n(i).
0
Let w(a) = -9*a**3 - 4*a**2 + a + 4. Let r(z) = -7*z**3 - 3*z**2 + z + 3. Let m(h) = 4*r(h) - 3*w(h). Determine m(1).
0
Let m(q) = q**3 + 6*q**2 - 2*q + 3. Let n(i) be the second derivative of i**5/20 + 5*i**4/12 - i**3/6 + i**2 - 12*i. Let j(d) = -3*m(d) + 4*n(d). Give j(-2).
-5
Let h = 5 - 9. Let p(k) = 2*k**2 - 9*k + 12. Let g(m) = -3*m**2 + 17*m - 22. Let n(l) = -4*g(l) - 7*p(l). Give n(h).
-8
Let a(h) = -3*h. Let d be a(1). Let b(j) = 4*j + 3. Calculate b(d).
-9
Suppose 4*i = -4*n + 5*n + 22, 3*i - 17 = n. Let f be (-18)/(-15)*(-15)/6 + 6. Let t(k) = 2*k**2 - 5*k - 8*k**2 + 12*k**2 - 5 + 0*k - k**f. Give t(i).
-5
Let j(s) be the first derivative of 2 + 6*s - 3/2*s**2. Let y = 14 + -10. Determine j(y).
-6
Let n(h) be the third derivative of h**5/60 + 5*h**4/24 + h**3/2 + 40*h**2. Suppose 1 + 3 = 4*v. Suppose 5*i - y + 9 = 0, -i - 6 - v = 5*y. Give n(i).
-3
Let y = 8566 + -8575. Let a(u) = -5*u + 4*u + 12 - 5*u - u**2. What is a(y)?
-15
Let w(f) = f**3 + 10*f**2 + 7*f - 14. Suppose 6*n - 28 = 10*n + 4*k, 29 = -3*n + k. Determine w(n).
4
Let h(g) = -8*g - 5. Let u(c) = 3*c + 2. Let k(x) = 6*h(x) + 17*u(x). Let r(o) = 2*o + 3. Let d(y) = -3*k(y) + 4*r(y). What is d(5)?
-5
Let b = 102 + -102. Let r(n) be the third derivative of n**7/5040 + n**6/360 + n**5/60 - n**2. Let t(k) be the third derivative of r(k). Determine t(b).
2
Let i(r) = -776*r - r**2 + 1 + 4 + 0*r**2 + 772*r. Let y be -2 - (-4)/2 - 3. Let f be (4 + y)*-6 - -1. What is i(f)?
0
Let y = -522 + 523. Let g(u) = 26*u**2 + 2*u - 1. Give g(y).
27
Suppose 3*r + v = 91 + 396, 0 = r - 5*v - 173. Suppose r = 2*g - 29. Let j be (-84)/g - 2/16. Let y(c) = -8*c**2 - c - 1. What is y(j)?
-8
Let s(h) = 9 + 12 - 